f(p)?
-1
Let k(d) = 3*d**3 + 9*d**2 + 18*d - 27. Let z(g) = -2*g**3 - 6*g**2 - 12*g + 16. Let j(c) = -5*k(c) - 8*z(c). Calculate j(-2).
-1
Suppose 3*g + 11 = 5*j - 4*j, 1 = -4*j - 3*g. Let c(d) = j*d + d + 3 - 1. Let w(o) = 3*o**3 - 5*o**2 - 4*o + 2. Let z be w(-1). Calculate c(z).
-4
Let p = -792 + 792. Let v(c) be the first derivative of 8 - c + 1/2*c**2 + p*c**3 - 1/4*c**4. Determine v(1).
-1
Let k(g) be the second derivative of g**8/6720 + g**7/630 + g**6/720 - g**5/40 - 13*g**4/6 - 27*g. Let f(d) be the third derivative of k(d). Give f(-3).
3
Let h(j) = -3*j**3 + 1 - j**2 + 2*j**3 + 0*j**3 - 2. Let s be 0*(4 - 55/(-15)*-1). Calculate h(s).
-1
Let q = 45 - 43. Let p(k) = 0*k**2 - 3*k**q - 5 + 5*k - 5*k**2 + 7*k**2. Give p(4).
-1
Let y(z) = -5*z + 13. Let w = 272 - 263. What is y(w)?
-32
Let y(a) = -a**2 + 3*a. Suppose 0 = -b - 4, -5 = 2*z + 2*b - 17. Let x(s) = s**2 - 5*s + 8. Let w be x(3). Suppose 6*i - w = z. What is y(i)?
2
Let s be 270/(-12)*16/(-5). Let d be s/(-88) - (-2)/(-11). Let i(n) = 7*n**2 - 8*n**2 + 1 - 1. What is i(d)?
-1
Suppose -8*q + 223 = 175. Let t(c) = -c**3 + 5*c**2 + c + 1. Give t(q).
-29
Suppose 1 = g + 4. Let f(u) be the third derivative of 2/3*u**3 - 1/15*u**5 + 27*u**2 - 1/120*u**6 + 0*u - 1/12*u**4 + 0. Calculate f(g).
1
Let k(r) = -4*r - 4. Suppose 26*s + 13*s = -117. Give k(s).
8
Let a(b) = -b. Let t be -1 + 1 + -4*1. Let o = -7 - -6. Let q(z) = 5*z + 1. Let w(y) = o*q(y) + t*a(y). What is w(6)?
-7
Let b(l) be the third derivative of l**4/8 + l**3/3 - 2*l**2. Let y = 16 + -22. Calculate b(y).
-16
Let c(t) = t**3 - 4*t**2 + 4*t - 1. Suppose -2*y = 3*x + 6, -2*y - 2 = -5*x + 4. Suppose 10 + 14 = -4*k. Let a be (1 + k)*y/5. Determine c(a).
2
Let p(s) = 5 + 103*s**2 + 8*s + 1 - 102*s**2. Let l be (-4)/12 + (-20)/3. Give p(l).
-1
Let n(t) = -2*t**2 - 3*t + 1. Let w = -28 - -24. Let k = -7 - w. What is n(k)?
-8
Suppose -5*d + 68 = -67. Let z = -30 + d. Let m(i) = -i + 1. What is m(z)?
4
Let s(m) = m**3 - 3*m**2 - 6*m + 4. Suppose 0 = -4*w + 89 - 73. Calculate s(w).
-4
Let c be 24/(-8)*(-1 + 1 + -2). Let x(m) = c + 2*m - 5 + 6*m - m. Calculate x(1).
8
Let u(v) = -8*v**2 + v**2 + 3*v**3 + 5*v**2 - 6*v. Let n(g) = 4*g**3 - g**2 - 6*g. Let b(m) = 4*n(m) - 5*u(m). What is b(-5)?
-5
Let x(r) = -2*r - 10. Let c be 2/5 + (-8)/(-5). Suppose -3*z + c*f = -3*f + 127, -4*f = z + 14. Let o = z + 27. Give x(o).
4
Let b(o) be the second derivative of o**3/6 - o**2 - 1695*o. Suppose 18 + 2 = 4*a. Determine b(a).
3
Let c(m) = -3*m + 2 - 3 + 3 + m**2. Suppose 0*y = -3*y + d + 12, 2*y + 4*d - 8 = 0. Give c(y).
6
Let h be 12/(-4)*7 + 0. Let r = -24 - h. Let s be (1/(-2))/(r/6). Let n(f) = -3*f**3. Determine n(s).
-3
Let u(q) = q**3 + 7*q**2 - 2*q - 5. Let a be 15/10*4/(-3). Let b be a - 0 - (-10)/(6/(-3)). Give u(b).
9
Let i be ((-11)/(-4))/((-1)/(-4)*1). Let x(c) = -c. Determine x(i).
-11
Let p(u) = 2*u**3 + 3*u**2 + 0*u - 2 - 4*u - u. Let g be -3 + (-2)/4*0. Calculate p(g).
-14
Suppose 0 = -3*y + 32 + 37. Let n = y + -20. Let c(p) = -2*p - p - n + 6 + 2. Calculate c(4).
-7
Let x(d) = -d**2 - 3*d + 2. Let l be ((-8)/(-6))/(10/(-15)). Let i = l - -4. Suppose -k + 5 = -i*k. Give x(k).
-8
Let z(l) = -l**2 - 9*l - 16. Let n be z(-5). Let w = -4 + n. Suppose 9*v - 6*v + 3 = w. Let d(a) = 2*a**2. Determine d(v).
2
Let p = 2458/1839 + -2/613. Let l(x) be the first derivative of -x - 5 + p*x**3 + x**2. What is l(1)?
5
Let d(c) be the third derivative of -c**5/30 + c**4/12 - c**3/6 - 103*c**2. Give d(-3).
-25
Let c(f) = f + 5. Let i(n) = -16*n**3 + n**2 - 1. Let k be i(-1). Suppose 0 = 11*y - k*y. Calculate c(y).
5
Let k(p) be the third derivative of p**6/120 - 7*p**5/60 - p**4/8 + 7*p**3/2 - 10*p**2 + 6. Give k(7).
0
Suppose -3*a = 4*m - 5, 3*a = 4*m + 4 - 39. Let y be (36/20)/(-3)*a. Let k(x) = -x**3 - 1 + 2*x**2 - y + 3 + 0*x**2. What is k(1)?
0
Let b(o) = -5*o + 12. Let t(w) = -2*w + 2. Let l(z) = b(z) - 2*t(z). What is l(9)?
-1
Let l(u) = -u**3 - 5*u**2 + u + 2. Let g(x) be the second derivative of x**5/20 - 5*x**4/12 - 4*x**3/3 + 7*x**2/2 - 5*x. Let p be g(6). Give l(p).
-3
Let x(f) = 2*f**2 - 29*f - 227. Let u be x(20). Let j(w) = -7*w - 54. Calculate j(u).
-5
Let u(i) = 14*i - 24. Let q(f) = 3*f - 2. Let p(g) = 5*q(g) - u(g). What is p(-10)?
4
Suppose -4*z - 3*m + 10 = -m, 0 = 3*z + 5*m - 11. Suppose z*x = -2*x - 3*t + 8, 2*x = -3*t + 4. Let c(n) = -n**2 + 2*n. Determine c(x).
0
Let i = 144 - 143. Let v be (-13)/i*(-12 + 13). Let o(t) = t**2 + 12*t - 13. Give o(v).
0
Let s(x) = 4*x - 5 - 5*x + 0*x + 4*x + 2*x. What is s(6)?
25
Let v be (-4)/28 + (-450)/(-14). Let r = -32 + v. Suppose r = 6*s - 4*s - 2. Let q(k) = 8*k**2 - k. Give q(s).
7
Let y(o) = -o**3 - 7*o**2 - 2*o + 4. Let f be (-6)/(2 + 1)*70/20. Give y(f).
18
Suppose 5*t + 5 = -0*t, -1 = g + 4*t. Let h(x) be the second derivative of 1/6*x**g + 1/2*x**2 + x + 7/12*x**4 + 1/20*x**5 + 0. What is h(-7)?
-6
Let p(a) = a + 6. Suppose -u - 9 = 11. Let t = 19 + u. Let r(f) = -5*f**2 + 2*f + 1. Let d be r(t). Determine p(d).
0
Let c(f) = -f**3 - 4*f**2 - f. Let r be c(-4). Let g(b) = -b**2 + 4*b. Let t be g(r). Let m(s) = s**2 + s - 3. What is m(t)?
-3
Let r be 0 - -4 - (-3 - -2). Let a(n) be the first derivative of 4*n + 10 - 1/2*n**2. Give a(r).
-1
Let i(m) = -m**2 + 11*m - 15. Let c be i(9). Let b(f) = -f**2 + 9*f - 9. Let w(o) = -3*o**2 + 26*o - 27. Let d(h) = c*w(h) - 8*b(h). Give d(6).
-9
Let n(v) = v**2 - 9*v + 10. Let w be n(8). Let g(p) = -2 + p**w + 5*p + 7 + 0. Determine g(-5).
5
Suppose 2*p + 0*p + 6 = 0. Let n(m) = -m + 2. Let g(j) = j + 1. Let h(a) = -2*g(a) + 3*n(a). What is h(p)?
19
Let f(t) = t**3 - 7*t**2 - 7*t + 10. Suppose 3*p + 22 = 5*l, -3*p + 8*p + 4*l + 86 = 0. Let k(d) = d**2 + 10*d - 48. Let g be k(p). Calculate f(g).
18
Let v(d) = d**2 - 7*d + 6. Let c(q) = -2. Let g(o) = -o - 4. Let f(s) = 5*c(s) - 3*g(s). Let w be f(-2). Let z be w/(7/((-21)/2)). What is v(z)?
0
Let r(l) = -31*l - 217. Let g be r(-7). Let c(w) = -2*w**2 - w - 2. What is c(g)?
-2
Let x = -1360 - -1352. Let f(s) = s**2 + 7*s - 16. Calculate f(x).
-8
Suppose -4*j = 3*m - j, 12 = -4*j. Suppose -2*y - m*y = 2*y. Let c(d) = d - 7. Calculate c(y).
-7
Let d(b) = -3*b + 26. Let y(c) = -c + 7. Let r(j) = -d(j) + 6*y(j). Determine r(9).
-11
Let r(i) = -i**3 + 7*i**2 - 9*i - 8. Suppose -9*d + 32*d = 115. Give r(d).
-3
Let h(x) = x**2 - 9*x + 17. Suppose 44*r = -57*r + 1212. Calculate h(r).
53
Let o(u) = -u**3 + u**2 + 3*u. Suppose n + n - 2 = 3*h, 28 = -2*h - 4*n. Let f be -2 + 13 - (h - -2). Suppose f = 5*q - 2. Calculate o(q).
-9
Suppose 2*f - y - 7 = 0, 0 = -f + y - 3*y + 11. Let t(v) be the third derivative of -v**5/60 + 5*v**4/24 + v**3/3 - 4*v**2 + 3. What is t(f)?
2
Let h(b) = -7*b + 2. Let n(x) = -10*x + 42. Let c be n(4). Give h(c).
-12
Let k(v) = -v**3 - v**2 - v + 2. Let z be k(0). Let i(c) = 5*c - 1 - 1 + c - c**z. Let n be (2 + (-6 - 0))*(-9)/6. Give i(n).
-2
Let f(v) = 2*v**3 + 0*v**3 + 0*v - 2*v + 2*v**2 - 1. Let t(n) = n**3 - 16*n**2 + n - 18. Let h be t(16). What is f(h)?
-5
Let n(p) = 7*p**2 + 8*p - 16*p + p**3 - 12*p**2 + 0*p**3 + 5. Let k(s) = s**3 - 5*s**2 - 7*s + 4. Let d(y) = -2*k(y) + 3*n(y). Give d(6).
-17
Let t(w) = 12*w. Let f(j) be the second derivative of j**4/12 - 11*j**3/6 + 29*j**2/2 - 43*j. Let i be f(7). Determine t(i).
12
Let s(g) = g**3 + 2*g**2 + g - 1. Let l(q) = -q**3 - 8*q**2 - q. Let f(v) = l(v) + 2*s(v). Suppose -5*p = 4*m, p + m = 3*p - 13. Determine f(p).
2
Let y = 461 + -470. Let d(k) = -2*k - 10. Determine d(y).
8
Let z(v) be the second derivative of -v**5/20 - v**4/6 + v**3/2 + 3*v**2/2 + 14*v. Calculate z(-3).
3
Let b = 0 - 1. Let g(x) = x**3 + x**2 + x. Suppose -2*u - 4 + 0 = 0. Let f(o) = -4*o**3 - 3*o**2 - 2*o. Let t(r) = u*g(r) - f(r). What is t(b)?
-1
Let y(f) = -8*f + 13*f - 3*f + 3. Suppose -5*r = 5*c + 50, 5*r + c + 50 = 2*c. Let a = r + 4. Calculate y(a).
-9
Let a(g) = g**2 + g - 3. Let y be a(-3). Let r(z) = -z - 4 + 19 + 4*z**2 - 10. Let s(o) = -7*o**2 + 2*o - 10. Let j(m) = y*s(m) + 5*r(m). Give j(0).
-5
Let a be 612/(-119) - -2*(-3)/(-42). Let g(w) = w**3 + 5*w**2 - w - 4. What is g(a)?
1
Let x(j) be the second derivative of j**5/20 + j**4/2 - 3*j**3/2 + 5*j**2/2 - 373*j. Determine x(-7).
19
Let f be (((-63)/6)/(-7))/(15/(-520)). Let j = 